{"id":2,"date":"2016-05-10T03:48:21","date_gmt":"2016-05-10T03:48:21","guid":{"rendered":"https:\/\/vtcf.net\/wordpress\/?page_id=2"},"modified":"2025-11-09T15:58:02","modified_gmt":"2025-11-09T13:58:02","slug":"sample-page","status":"publish","type":"page","link":"https:\/\/vtcf.net\/wordpress\/","title":{"rendered":"Etusivu"},"content":{"rendered":"<p style=\"text-align: center;\" align=\"center\"><strong><span style=\"font-size: medium;\"><span style=\"font-size: x-large;\">Vans&amp;Trucks Club of Finland,<\/span><\/span><\/strong> <span style=\"font-size: medium;\"><strong><span style=\"font-size: x-large;\">jo yli 40 vuotta Vanlifea<\/span><\/strong><b><br \/>\nVTCF ry. on vuonna 1984 perustettu valtakunnallinen yhdistys, jonka johtoajatuksena on levitt\u00e4\u00e4 ja yll\u00e4pit\u00e4\u00e4 <span class=\"SpellE\">Vanning<\/span> &amp; <span class=\"SpellE\">Trucking<\/span> -aatetta koko maassa.<\/b><\/span><\/p>\n<p style=\"text-align: left;\" align=\"center\"><strong>J\u00e4senyys kannattaa, tutustu <a href=\"https:\/\/vtcf.net\/wordpress\/?page_id=341\">j\u00e4senetuihimme<\/a> ja liity<a href=\"https:\/\/vtcf.net\/wordpress\/?page_id=34\"> j\u00e4seneksi!<\/a><\/strong><\/p>\n<p><b>Kalustomme<\/b><br \/>\n<b>koostuu sangen sekalaisesta autokannasta, mukana on niin jenkkej\u00e4 kuin euroja ja <span class=\"SpellE\">japsejakin<\/span>, on niin <span class=\"SpellE\">Chevy\u00e4<\/span>, Fordia, <span class=\"SpellE\">Bedfordia<\/span>, Volkkaria, Dodgea kuin <span class=\"GramE\">Toyotaakin<\/span>, kaikki sulassa sovussa kesken\u00e4\u00e4n.\u00a0<\/b><\/p>\n<p><b>J\u00e4seni\u00e4<\/b><br \/>\n<b>kerhossamme on n. 300, ik\u00e4rakenteen ollessa &#8221;vauvoista vaariin&#8221; -tyyppinen. J\u00e4senm\u00e4\u00e4r\u00e4mme on tasaisesti kasvanut. Monet j\u00e4senist\u00e4mme ovat jo perheellisi\u00e4, ja yleens\u00e4 toimintaamme osallistuu varsinkin kes\u00e4isin koko perhe, joka kiert\u00e4\u00e4 <span class=\"SpellE\">meetingej\u00e4<\/span> yhdess\u00e4. J\u00e4senist\u00f6ss\u00e4mme on mukana jo kolmannen polven Van ja Truck harrastajia!<\/b><\/p>\n<p><span class=\"GramE\"><b>Olemme\u00a0<\/b><br \/>\n<b>my\u00f6s<\/b><\/span><b> aktiivisesti yhteydess\u00e4 ulkomailla oleviin muihin vastaaviin Van &amp; <span class=\"SpellE\">Truck<\/span> -kerhoihin osallistumalla j\u00e4rjestett\u00e4viin Van &amp; Trucks tapahtumiin eri puolilla maailmaa.\u00a0<\/b><\/p>\n<p><span class=\"GramE\"><b>Kes\u00e4isin\u00a0<\/b><br \/>\n<b>alueelliset j\u00e4senemme j\u00e4rjest\u00e4v\u00e4t<\/b><\/span><b>\u00a0useita <span class=\"SpellE\">meetingej\u00e4 eri puolella Suomea<\/span>, joihin kokoonnumme porukalla viett\u00e4m\u00e4\u00e4n yhteist\u00e4 aikaa oman harrastuksemme parissa. VTCF:n kolmip\u00e4iv\u00e4inen p\u00e4\u00e4tapahtuma Midnight Sun Meet j\u00e4rjestet\u00e4\u00e4n vuosittain hein\u00e4kuussa jossain p\u00e4in <a href=\"https:\/\/www.google.com\/maps\/d\/edit?mid=1ObSjQiOThjlVquNwLSJKq4-yJUJ33OM&amp;usp=sharing\" target=\"_blank\" rel=\"noopener\">Suomea<\/a><\/b><\/p>\n<p><b>J\u00e4rjest\u00e4mme<\/b><br \/>\n<span class=\"SpellE\"><b>meetingeiss\u00e4<\/b><\/span><b> erilaisia kilpailuja, grillaamme, tapaamme tuttuja ymp\u00e4ri Suomea, Pohjoismaita ja Eurooppaa sek\u00e4 katselemme mit\u00e4 muut ovat saaneet aikaan.<br \/>\n<\/b><\/p>\n<p><span class=\"SpellE\"><b>Meetingit<\/b><\/span><br \/>\n<b>j\u00e4rjestet\u00e4\u00e4n viikonloppuisin, tosin paikalle voi monissa tapauksissa saapua jo torstaina, ja sunnuntaina pakkaamme automme suunnistaen takaisin kotia kohti. Olemme pyrkineet huomioimaan my\u00f6s pick-upien omistajat ja lapsiperheet j\u00e4rjest\u00e4m\u00e4ll\u00e4 kokoontumisemme paikkoihin, joissa on yleens\u00e4 my\u00f6s sis\u00e4majoitusmahdollisuus.\u00a0<\/b><\/p>\n<p><b>Julkaisemme<\/b><br \/>\n<b>j\u00e4senist\u00f6llemme 4 kertaa vuodessa ilmestyv\u00e4\u00e4 Kaappi- ja <span class=\"SpellE\">Pikappi<\/span> -lehte\u00e4, josta l\u00f6yd\u00e4t harrastukseesi liittyvien tietojen ja teknisten asioiden lis\u00e4ksi informaatiota kes\u00e4n tapahtumista, artikkeleita <span class=\"SpellE\">meetingeist\u00e4<\/span>, autoista ja erilaisista vuoden aikana vietetyist\u00e4 yhteisist\u00e4 hetkist\u00e4.<\/b><\/p>\n","protected":false},"excerpt":{"rendered":"<p>Vans&amp;Trucks Club of Finland, jo yli 40 vuotta Vanlifea VTCF ry. on vuonna 1984 perustettu valtakunnallinen yhdistys, jonka johtoajatuksena on levitt\u00e4\u00e4 ja yll\u00e4pit\u00e4\u00e4 Vanning &amp; Trucking -aatetta koko maassa. J\u00e4senyys kannattaa, tutustu j\u00e4senetuihimme ja liity j\u00e4seneksi! Kalustomme koostuu sangen sekalaisesta autokannasta, mukana on niin jenkkej\u00e4 kuin euroja ja japsejakin, on niin Chevy\u00e4, Fordia, Bedfordia, Volkkaria, &hellip; <\/p>\n<p class=\"link-more\"><a href=\"https:\/\/vtcf.net\/wordpress\/\" class=\"more-link\">Jatka lukemista<span class=\"screen-reader-text\"> &#8221;Etusivu&#8221;<\/span><\/a><\/p>\n","protected":false},"author":2,"featured_media":0,"parent":0,"menu_order":0,"comment_status":"closed","ping_status":"closed","template":"","meta":{"footnotes":""},"class_list":["post-2","page","type-page","status-publish","hentry"],"_links":{"self":[{"href":"https:\/\/vtcf.net\/wordpress\/index.php?rest_route=\/wp\/v2\/pages\/2","targetHints":{"allow":["GET"]}}],"collection":[{"href":"https:\/\/vtcf.net\/wordpress\/index.php?rest_route=\/wp\/v2\/pages"}],"about":[{"href":"https:\/\/vtcf.net\/wordpress\/index.php?rest_route=\/wp\/v2\/types\/page"}],"author":[{"embeddable":true,"href":"https:\/\/vtcf.net\/wordpress\/index.php?rest_route=\/wp\/v2\/users\/2"}],"replies":[{"embeddable":true,"href":"https:\/\/vtcf.net\/wordpress\/index.php?rest_route=%2Fwp%2Fv2%2Fcomments&post=2"}],"version-history":[{"count":44,"href":"https:\/\/vtcf.net\/wordpress\/index.php?rest_route=\/wp\/v2\/pages\/2\/revisions"}],"predecessor-version":[{"id":952,"href":"https:\/\/vtcf.net\/wordpress\/index.php?rest_route=\/wp\/v2\/pages\/2\/revisions\/952"}],"wp:attachment":[{"href":"https:\/\/vtcf.net\/wordpress\/index.php?rest_route=%2Fwp%2Fv2%2Fmedia&parent=2"}],"curies":[{"name":"wp","href":"https:\/\/api.w.org\/{rel}","templated":true}]}}

<p style="text-align: center;" align="center"><strong><span style="font-size: medium;"><span style="font-size: x-large;">Vans&amp;Trucks Club of Finland,</span></span></strong> <span style="font-size: medium;"><strong><span style="font-size: x-large;">jo yli 40 vuotta Vanlifea</span></strong><b><br />
VTCF ry. on vuonna 1984 perustettu valtakunnallinen yhdistys, jonka johtoajatuksena on levittää ja ylläpitää <span class="SpellE">Vanning</span> &amp; <span class="SpellE">Trucking</span> -aatetta koko maassa.</b></span></p>
<p style="text-align: left;" align="center"><strong>Jäsenyys kannattaa, tutustu <a href="https://vtcf.net/wordpress/?page_id=341">jäsenetuihimme</a> ja liity<a href="https://vtcf.net/wordpress/?page_id=34"> jäseneksi!</a></strong></p>
<p><b>Kalustomme</b><br />
<b>koostuu sangen sekalaisesta autokannasta, mukana on niin jenkkejä kuin euroja ja <span class="SpellE">japsejakin</span>, on niin <span class="SpellE">Chevyä</span>, Fordia, <span class="SpellE">Bedfordia</span>, Volkkaria, Dodgea kuin <span class="GramE">Toyotaakin</span>, kaikki sulassa sovussa keskenään. </b></p>
<p><b>Jäseniä</b><br />
<b>kerhossamme on n. 300, ikärakenteen ollessa &#8221;vauvoista vaariin&#8221; -tyyppinen. Jäsenmäärämme on tasaisesti kasvanut. Monet jäsenistämme ovat jo perheellisiä, ja yleensä toimintaamme osallistuu varsinkin kesäisin koko perhe, joka kiertää <span class="SpellE">meetingejä</span> yhdessä. Jäsenistössämme on mukana jo kolmannen polven Van ja Truck harrastajia!</b></p>
<p><span class="GramE"><b>Olemme </b><br />
<b>myös</b></span><b> aktiivisesti yhteydessä ulkomailla oleviin muihin vastaaviin Van &amp; <span class="SpellE">Truck</span> -kerhoihin osallistumalla järjestettäviin Van &amp; Trucks tapahtumiin eri puolilla maailmaa. </b></p>
<p><span class="GramE"><b>Kesäisin </b><br />
<b>alueelliset jäsenemme järjestävät</b></span><b> useita <span class="SpellE">meetingejä eri puolella Suomea</span>, joihin kokoonnumme porukalla viettämään yhteistä aikaa oman harrastuksemme parissa. VTCF:n kolmipäiväinen päätapahtuma Midnight Sun Meet järjestetään vuosittain heinäkuussa jossain päin <a href="https://www.google.com/maps/d/edit?mid=1ObSjQiOThjlVquNwLSJKq4-yJUJ33OM&amp;usp=sharing" target="_blank" rel="noopener">Suomea</a></b></p>
<p><b>Järjestämme</b><br />
<span class="SpellE"><b>meetingeissä</b></span><b> erilaisia kilpailuja, grillaamme, tapaamme tuttuja ympäri Suomea, Pohjoismaita ja Eurooppaa sekä katselemme mitä muut ovat saaneet aikaan.<br />
</b></p>
<p><span class="SpellE"><b>Meetingit</b></span><br />
<b>järjestetään viikonloppuisin, tosin paikalle voi monissa tapauksissa saapua jo torstaina, ja sunnuntaina pakkaamme automme suunnistaen takaisin kotia kohti. Olemme pyrkineet huomioimaan myös pick-upien omistajat ja lapsiperheet järjestämällä kokoontumisemme paikkoihin, joissa on yleensä myös sisämajoitusmahdollisuus. </b></p>
<p><b>Julkaisemme</b><br />
<b>jäsenistöllemme 4 kertaa vuodessa ilmestyvää Kaappi- ja <span class="SpellE">Pikappi</span> -lehteä, josta löydät harrastukseesi liittyvien tietojen ja teknisten asioiden lisäksi informaatiota kesän tapahtumista, artikkeleita <span class="SpellE">meetingeistä</span>, autoista ja erilaisista vuoden aikana vietetyistä yhteisistä hetkistä.</b></p>

<p>Vans&amp;Trucks Club of Finland, jo yli 40 vuotta Vanlifea VTCF ry. on vuonna 1984 perustettu valtakunnallinen yhdistys, jonka johtoajatuksena on levittää ja ylläpitää Vanning &amp; Trucking -aatetta koko maassa. Jäsenyys kannattaa, tutustu jäsenetuihimme ja liity jäseneksi! Kalustomme koostuu sangen sekalaisesta autokannasta, mukana on niin jenkkejä kuin euroja ja japsejakin, on niin Chevyä, Fordia, Bedfordia, Volkkaria, &hellip; </p>
<p class="link-more"><a href="https://vtcf.net/wordpress/" class="more-link">Jatka lukemista<span class="screen-reader-text"> &#8221;Etusivu&#8221;</span></a></p>
